of k(5)?
8
What is the thousands digit of (3/(-12))/(-1 + 105/100) + 33607?
3
Let r(l) be the third derivative of 301*l**4/24 - l**3/3 - 6*l**2. Let i be r(2). Suppose 2*f - i = -4*f. What is the units digit of f?
0
Let g(n) = 35*n + 96. Let u(a) = 33*a + 95. Let b(p) = 3*g(p) - 4*u(p). What is the hundreds digit of b(-19)?
4
Let j(r) = -r**2 - r + 304. Let n = -33 + 33. Let a be j(n). Suppose 3*h = -q + 434, -h - h + 3*q + a = 0. What is the hundreds digit of h?
1
Suppose 78*q - 73*q = 910. Suppose 0 = 4*v + 2*p - 536, v - 2*p + 43 = q. What is the tens digit of v?
3
Suppose -19 = -7*v - 103. What is the units digit of (-1 - (4 + 30))*v?
0
Let k = 304 + -301. Let n(t) = 12*t**3 - 3*t**2 + 8*t + 4. What is the units digit of n(k)?
5
Suppose -13*x + 16*x = 15. Suppose x*h = 4*m - 1785, 0 = -3*h - h + 12. What is the hundreds digit of m?
4
Let w be 1*6 + (9 + -2)/7. Let a(c) = 6*c**2 - 5*c - 18. What is the hundreds digit of a(w)?
2
What is the units digit of (-1)/((-9)/546753) - 31/93?
0
Let h = 1508 + -2268. Let p = 1689 + h. What is the hundreds digit of p?
9
Let g(o) = 47*o - 45. Let t be g(1). What is the hundreds digit of 1/t - 12004/(-8)?
5
Let a(r) = r**3 + 7*r**2 + 4*r - 12. Let w be a(-6). Suppose w = 13*m - 18 - 47. Suppose m*d + 142 = v, 4*v - 2*d = 3*d + 523. What is the units digit of v?
7
Let a be (-5124)/588 + 4/(-14). Let j(m) be the first derivative of -6*m**2 + 13*m + 1. What is the units digit of j(a)?
1
Let k(z) = 0*z - 9*z - 12*z + 10*z**2 + 2*z - z**3 + 27. What is the units digit of k(8)?
3
Suppose -1103*a - 5*x = -1105*a + 48350, 3*a - 5*x = 72510. What is the hundreds digit of a?
1
Let s(o) = -o + 11. Let v be s(14). Let u be v/(3*(-3)/6). Suppose -u*j = x - 59, j + 66 = 2*x - 52. What is the tens digit of x?
5
Let f(b) = 2*b**2 + 13*b + 45. Let g be f(-7). Let h be 168 + 1/(-4) + 13/g. Let d = h - 1. What is the hundreds digit of d?
1
Let x be 150/(-40)*(-8)/3. Suppose -x = 5*t, -3*t - 12 = -4*y - t. Suppose -2*u + 2*m = -550, y*u - 860 = -u - 4*m. What is the tens digit of u?
8
Let j(g) = 31*g - 9. Let y(k) = -31*k + 10. Let r(l) = 5*j(l) + 4*y(l). Let s(n) = -3*n**2 + 30*n - 71. Let t be s(5). What is the units digit of r(t)?
9
Let k(s) = s**2. Let i(f) = -13*f**2 - 1. Let m(t) = i(t) - 4*k(t). Let j be m(-4). Let r = j - -412. What is the hundreds digit of r?
1
Let x be ((-720)/75)/((-4)/260). Suppose 492 + 258 = 2*s. Let h = x - s. What is the tens digit of h?
4
Let f(q) = q**3 + 12*q**2 + 3*q - 60. Let t be f(-11). Suppose -t*n = -60*n + 9120. What is the units digit of n?
5
Suppose 0*p = -2*p + 20. Suppose -1 = -c, u + 4*c = -c + p. Suppose 0 = -q + i - u*i + 225, -915 = -4*q - i. What is the hundreds digit of q?
2
Let y be (-3)/(-9) - (-46)/6. Let f(l) = -2*l**2 - 1. Let s(x) = 6*x**2 + 11*x + 9. Let p(g) = -4*f(g) - s(g). What is the tens digit of p(y)?
3
Let f(v) = -21*v**2 + 1211*v + 98. What is the thousands digit of f(55)?
3
What is the ten thousands digit of (6513024/256)/((-6)/(-4))?
1
Let v(g) = -g - 3. Let m be v(-3). Suppose 2*i - 2*w - 3 - 15 = m, 3*i - 30 = 4*w. Suppose 29 = t - i. What is the tens digit of t?
3
Suppose -20114*w + 20103*w + 96976 = 0. What is the thousands digit of w?
8
Let g(u) = -2*u**3 - u**2 - 2*u - 3. Let c be g(-2). Suppose -c*o + 10*o = -9. Suppose -3*x - f = f - 399, 3*x = -o*f + 402. What is the units digit of x?
1
Let i(n) = 3*n**2 + 3*n + 440. Let w = 175 + -175. What is the units digit of i(w)?
0
What is the units digit of ((-69746)/(-3))/(41/((-738)/(-12)))?
3
Let n(p) = -16*p + 23 + 20 - 14. What is the tens digit of n(-29)?
9
Let y be (300/(-360))/((-2)/12). Suppose 1760 = 5*z - y*t, t + 1724 = 5*z + 5*t. What is the hundreds digit of z?
3
What is the hundreds digit of ((-108198)/24)/(-3) + -2*(-12)/(-32)?
5
Let h(a) = -a**3 + 7*a**2 - 10*a - 20. Let t be h(-8). What is the thousands digit of 7 + t - 4 - -3?
1
Let s = 537 + -537. Suppose 165*u - 172*u + 5257 = s. What is the tens digit of u?
5
Let v(l) = l**3 + 33*l**2 + 3*l + 10. Let h be v(-25). Suppose 13*i = -2*i + h. What is the hundreds digit of i?
3
Let v = -40 - -4571. What is the hundreds digit of v?
5
Suppose c + 261 = 3*b - 344, -3*b + 580 = 4*c. Let j = -130 + b. Suppose -2*k + j = 14. What is the tens digit of k?
2
Let j = 295 - 648. Let c = 491 + j. What is the units digit of c?
8
Suppose 5*t = -j + 27997, 8*t + 2*j - 22394 = 4*t. What is the units digit of t?
0
Suppose -8*j = -3*j - 205. Let t = j + -41. Suppose -3*h + 599 = p + p, 4*h + p - 802 = t. What is the tens digit of h?
0
Suppose -4*f - 4*l + 6672 = 0, 48*f - 44*f - 6667 = l. What is the tens digit of f?
6
Suppose 5*i + 140 = 9*i. Let c = i + -44. What is the units digit of (-2)/c + 2966/18?
5
Let x(j) = -19*j**3 - 13*j**2 - 5*j + 22. Let c be x(-11). Suppose -3864 = 21*n - c. What is the tens digit of n?
4
Let h(i) = -53 + 47*i**2 - 24 - 20*i + 72*i**2 - 4*i. What is the tens digit of h(-4)?
2
Suppose -2*a = -4*t - 4, -4 = 4*a - 3*t - 27. Let f be 0 - -1*(-4)/(a/(-434)). Suppose -303 - f = -8*o. What is the units digit of o?
5
Suppose 49 = -v - 23. What is the units digit of (-305)/(-3) + v/108?
1
Let k(a) = 5*a**3 + 3*a**2 - 3*a + 8. Let o be k(-4). Let n = 456 + o. What is the hundreds digit of n?
2
Let k be 1 + (4/8)/(2/(-12)). What is the hundreds digit of k - (8 + -13) - (-226 + -1)?
2
Let i = 150981 + -95642. What is the thousands digit of i?
5
Suppose -2*c - 2*c + 5*q = -41, 0 = -2*c - 4*q - 12. Suppose 4*h + 10 = 6*z - c*z, 0 = -2*h - 4. What is the units digit of z/((-5)/(-4))*(-1 + 196)?
6
Let u(x) = -x**2 + 57*x - 528. Let r be u(12). Let b(f) be the third derivative of 7*f**4/8 + 7*f**3/6 + f**2. What is the hundreds digit of b(r)?
2
What is the tens digit of 55608/(-72)*60/(-14)?
1
Suppose 4*m = 2*s - 6, -8 = -4*s + 6*m - 2*m. Let x be (-924)/56*(-1*s - 1). Suppose x*i = 36*i - 114. What is the tens digit of i?
3
Let g(c) = 615*c**2 + 112*c + 541. What is the units digit of g(-6)?
9
Let x(o) = -53*o**3 + o - 2. Let w be x(2). Let v = w + 667. What is the hundreds digit of v?
2
Suppose -5*o + 2165 = b, 2*b + 3*b + 2165 = 5*o. Let h = -158 + o. What is the tens digit of h?
7
What is the hundreds digit of (-22)/(3 + 20650/(-6874))?
4
Let a be (-10 + 20)/(7/(-9))*-7. Let d be 44 + ((-12)/a - 32/(-15)). Let g = 56 + d. What is the tens digit of g?
0
Suppose -3*x + 630 + 264 = 0. Let z = 409 + x. What is the tens digit of z?
0
Let m(q) = -1599*q + 347. What is the tens digit of m(-8)?
3
Let r be (-4 - -4) + 2 + 60. Let i = -56 + r. Suppose 0 = -i*l + 348 + 30. What is the tens digit of l?
6
Let r(l) = -27*l - 56. Let u(w) = -140*w - 280. Let a(o) = -14*r(o) + 3*u(o). What is the hundreds digit of a(-14)?
5
Let x(i) = 11 + 11 - 9*i - 9 - 2*i. Let u be x(8). What is the tens digit of u/(-2) + (-12)/24?
3
Let k(v) = 3*v**3 - 131*v**2 + 105*v - 112. What is the units digit of k(43)?
5
Suppose 5*d + 41 = -4*p + 3, -6 = -2*p. Let q be 30/d + (-1 - -89). Let z = -38 + q. What is the units digit of z?
7
Let z be (117/(-6))/(9/18). What is the units digit of -33*5/(15/z)?
9
Suppose -5*t + 3*j - 102 = 2*j, -4*t + 5*j = 69. Let i = t + 9. Let a(z) = -z**2 - 23*z - 27. What is the units digit of a(i)?
5
Let k(u) be the third derivative of 95*u**4/4 + 2*u**3/3 + 58*u**2. What is the tens digit of k(1)?
7
Suppose 5*l = 10, -3*x + 19 = 14*l - 12*l. Suppose -20 = x*b, -5*b + 1508 = 4*y - 320. What is the tens digit of y?
6
Suppose -a = 3*l + l - 7, 4*l - 2*a = -2. What is the hundreds digit of 6/24 + (l - (-3574)/8)?
4
Let d be (-2)/((-42)/(-9)) + 1944/28. Let p = d + -7. What is the tens digit of p?
6
Let j = -325 - -638. Suppose -4*a = -491 - j. What is the hundreds digit of a?
2
Let w = 105 - 107. Let z(k) = 2*k**3 + 2*k - 3. Let u be z(w). Let v = 270 + u. What is the tens digit of v?
4
Suppose 27055 + 7434 = -3236*h + 3249*h. What is the thousands digit of h?
2
Let b = 94 - 169. Let t = -65 - b. Let y(g) = -g**3 + 11*g**2 + 6*g - 11. What is the tens digit of y(t)?
4
Let m(p) = -p**3 + 34*p**2 + 74*p - 146. What is the hundreds digit of m(23)?
3
Let l(h) = -h**3 + 21*h**2 - 4*h - 19. Let q = -22 - -37. What is the thousands digit of l(q)?
1
Let i be (1 + -8)*-4*14/98. Suppose 0 = 2*j + 2*v - 1516, v = i*j - 3*v - 3008. What is the tens digit o